{"id":19,"date":"2019-07-20T14:22:33","date_gmt":"2019-07-20T14:22:33","guid":{"rendered":"http:\/\/ross-psychotherapie.de\/?page_id=19"},"modified":"2020-02-06T11:30:27","modified_gmt":"2020-02-06T11:30:27","slug":"ueber-mich","status":"publish","type":"page","link":"https:\/\/ross-psychotherapie.de\/?page_id=19","title":{"rendered":"\u00dcber mich"},"content":{"rendered":"\n<div class=\"wp-block-image\"><figure class=\"aligncenter is-resized\"><img decoding=\"async\" loading=\"lazy\" src=\"http:\/\/ross-psychotherapie.de\/wp-content\/uploads\/2019\/07\/DSC3865b-1.jpg\" alt=\"\" class=\"wp-image-84\" width=\"256\" height=\"256\" srcset=\"https:\/\/ross-psychotherapie.de\/wp-content\/uploads\/2019\/07\/DSC3865b-1.jpg 709w, https:\/\/ross-psychotherapie.de\/wp-content\/uploads\/2019\/07\/DSC3865b-1-150x150.jpg 150w, https:\/\/ross-psychotherapie.de\/wp-content\/uploads\/2019\/07\/DSC3865b-1-300x300.jpg 300w, https:\/\/ross-psychotherapie.de\/wp-content\/uploads\/2019\/07\/DSC3865b-1-100x100.jpg 100w\" sizes=\"(max-width: 256px) 100vw, 256px\" \/><figcaption>Judith Ross, M.A.<\/figcaption><\/figure><\/div>\n\n\n\n<p><strong>Berufliche Ausbildung&nbsp;&nbsp;&nbsp;&nbsp;&nbsp;&nbsp;&nbsp;<\/strong><\/p>\n\n\n\n<p>\n<table id=\"tablepress-t01\" class=\"tablepress tablepress-id-t01\">\n<tbody>\n<tr class=\"row-1\">\n\t<td class=\"column-1\">2013 - 2018<\/td><td class=\"column-2\">Ausbildung zur Kinder- und Jugendlichenpsychotherapeutin bei der DGVT Hannover\/ Hildesheim;<br \/>\nAbschluss: Approbation als Kinder- und Jugendlichenpsychotherapeutin, Eintrag ins \u00c4rzteregister <\/td>\n<\/tr>\n<tr class=\"row-2\">\n\t<td class=\"column-1\">2014 - 2015<\/td><td class=\"column-2\">Praktische T\u00e4tigkeit im Rahmen der Ausbildung zur Kinder- und Jugendlichenpsychotherapeutin im Klinikum Wilhelmshaven<\/td>\n<\/tr>\n<tr class=\"row-3\">\n\t<td class=\"column-1\">2004 - 2006<\/td><td class=\"column-2\">Ausbildung zur Arzthelferin, Augsburg<\/td>\n<\/tr>\n<\/tbody>\n<\/table>\n<!-- #tablepress-t01 from cache --><strong>&nbsp;&nbsp;&nbsp;&nbsp;&nbsp;&nbsp;&nbsp;&nbsp;&nbsp;&nbsp;&nbsp;&nbsp;&nbsp;&nbsp;&nbsp;&nbsp;&nbsp;&nbsp;&nbsp;&nbsp;&nbsp;&nbsp;&nbsp;&nbsp;&nbsp;&nbsp;&nbsp;&nbsp;&nbsp;&nbsp;&nbsp;&nbsp;&nbsp;&nbsp;&nbsp;&nbsp;&nbsp;&nbsp;&nbsp;&nbsp;&nbsp;&nbsp;&nbsp;&nbsp;&nbsp;&nbsp;&nbsp;&nbsp;&nbsp;&nbsp;&nbsp;&nbsp;&nbsp;&nbsp;&nbsp;&nbsp;&nbsp;&nbsp;&nbsp;&nbsp;&nbsp;&nbsp;&nbsp;&nbsp;&nbsp;&nbsp;&nbsp;&nbsp;&nbsp;&nbsp;&nbsp;&nbsp;&nbsp;&nbsp;&nbsp;&nbsp;&nbsp;&nbsp;&nbsp;&nbsp;&nbsp;&nbsp;&nbsp;&nbsp;&nbsp;&nbsp;&nbsp;&nbsp;&nbsp;&nbsp;&nbsp;&nbsp;&nbsp;&nbsp;&nbsp;&nbsp;&nbsp;&nbsp;&nbsp;&nbsp;&nbsp;&nbsp;&nbsp;&nbsp;&nbsp; <\/strong><\/p>\n\n\n\n<p><strong>Studium&nbsp;&nbsp;&nbsp;&nbsp;&nbsp;&nbsp;&nbsp;<\/strong><\/p>\n\n\n\n<p>\n<table id=\"tablepress-t02\" class=\"tablepress tablepress-id-t02\">\n<tbody>\n<tr class=\"row-1\">\n\t<td class=\"column-1\">2009 - 2013<\/td><td class=\"column-2\">Studium des Fach-Masters Erziehungs- und Bildungswissenschaften mit der Spezialisierung Rehabilitationsp\u00e4dagogik an der Carl von Ossietzky Universit\u00e4t Oldenburg <\/td>\n<\/tr>\n<tr class=\"row-2\">\n\t<td class=\"column-1\">2006 - 2009<\/td><td class=\"column-2\">Studium des Zwei-F\u00e4cher-Bachelors P\u00e4dagogik\/ Philosophie\/Werte und Normen an der Carl von Ossietzky Universit\u00e4t Oldenburg <\/td>\n<\/tr>\n<tr class=\"row-3\">\n\t<td class=\"column-1\">2009 <\/td><td class=\"column-2\">Auslandssemester (Erasmus) in Siena, Italien an der \u201eUniversit\u00e0 degli studi di Siena\u201c <\/td>\n<\/tr>\n<\/tbody>\n<\/table>\n<!-- #tablepress-t02 from cache --> <strong>&nbsp;&nbsp;&nbsp;&nbsp;&nbsp;&nbsp;&nbsp;&nbsp;&nbsp;&nbsp;&nbsp;&nbsp;&nbsp;&nbsp;&nbsp;&nbsp;&nbsp;&nbsp;&nbsp;&nbsp;&nbsp;&nbsp;&nbsp;&nbsp;&nbsp;&nbsp;&nbsp;&nbsp;&nbsp;&nbsp;&nbsp;&nbsp;&nbsp;&nbsp;&nbsp;&nbsp;&nbsp;&nbsp;&nbsp;&nbsp;&nbsp;&nbsp;&nbsp;&nbsp;&nbsp;&nbsp;&nbsp;&nbsp;&nbsp;&nbsp;&nbsp;&nbsp;&nbsp;&nbsp;&nbsp;&nbsp;&nbsp;&nbsp;&nbsp;&nbsp;&nbsp;&nbsp;&nbsp;&nbsp;&nbsp;&nbsp;&nbsp;&nbsp;&nbsp;&nbsp;&nbsp;&nbsp;&nbsp;&nbsp;&nbsp;&nbsp;<\/strong><\/p>\n\n\n\n<p><strong>Schulische Ausbildung&nbsp;<\/strong><\/p>\n\n\n\n<p>\n<table id=\"tablepress-t03\" class=\"tablepress tablepress-id-t03\">\n<tbody>\n<tr class=\"row-1\">\n\t<td class=\"column-1\">1994 - 2003 <\/td><td class=\"column-2\">Maria-Ward-Gymnasium Augsburg  <\/td>\n<\/tr>\n<tr class=\"row-2\">\n\t<td class=\"column-1\">1989 - 1994 <\/td><td class=\"column-2\">Elias-Holl Volks- und Hauptschule Augsburg<\/td>\n<\/tr>\n<\/tbody>\n<\/table>\n<!-- #tablepress-t03 from cache --> <strong>&nbsp;&nbsp;&nbsp;&nbsp;&nbsp;&nbsp;&nbsp;&nbsp;&nbsp;&nbsp;&nbsp;&nbsp;&nbsp;&nbsp;&nbsp;&nbsp;&nbsp;&nbsp;&nbsp;&nbsp;&nbsp;&nbsp;&nbsp;&nbsp;&nbsp;&nbsp;&nbsp;&nbsp;&nbsp;&nbsp;&nbsp;&nbsp;&nbsp;&nbsp;&nbsp;&nbsp;&nbsp;&nbsp;&nbsp;&nbsp;&nbsp;&nbsp;&nbsp;&nbsp;&nbsp;&nbsp;&nbsp;&nbsp;&nbsp;&nbsp;&nbsp;&nbsp;&nbsp;&nbsp;&nbsp;&nbsp;&nbsp;&nbsp;&nbsp;&nbsp;&nbsp;&nbsp;&nbsp;&nbsp;&nbsp;&nbsp;&nbsp;&nbsp;&nbsp;&nbsp;&nbsp;&nbsp;&nbsp;&nbsp;&nbsp;&nbsp;&nbsp;&nbsp;&nbsp;&nbsp;&nbsp;&nbsp;&nbsp;&nbsp;&nbsp;&nbsp;&nbsp;&nbsp;&nbsp;&nbsp;&nbsp;&nbsp;&nbsp;&nbsp;&nbsp;&nbsp;&nbsp;&nbsp;&nbsp;&nbsp;&nbsp;&nbsp;&nbsp;&nbsp;&nbsp;&nbsp;&nbsp;&nbsp;&nbsp;&nbsp;&nbsp;&nbsp;&nbsp;&nbsp;&nbsp; <\/strong><\/p>\n\n\n\n<p><strong>Berufliche T\u00e4tigkeit<\/strong><\/p>\n\n\n\n\n<table id=\"tablepress-t04\" class=\"tablepress tablepress-id-t04\">\n<tbody>\n<tr class=\"row-1\">\n\t<td class=\"column-1\">2019  <\/td><td class=\"column-2\">Niederlassung als Kinder- und Jugendlichenpsychotherapeutin, Augsburg<\/td>\n<\/tr>\n<tr class=\"row-2\">\n\t<td class=\"column-1\">2016 - 2019  <\/td><td class=\"column-2\">Mitarbeiterin bei der \u201eJugend- und Familienhilfe Oldenburg\u201c<\/td>\n<\/tr>\n<tr class=\"row-3\">\n\t<td class=\"column-1\">2015 - 2017   <\/td><td class=\"column-2\">Mitarbeiterin in der Psychotherapiepraxis \"Sahlender-Wulf\", Oldenburg<\/td>\n<\/tr>\n<tr class=\"row-4\">\n\t<td class=\"column-1\">2015   <\/td><td class=\"column-2\">Angestellte der Psychotherapeutischen Tagesklinik f\u00fcr Kinder und Jugendliche im \u201eKlinikum Wilhelmshaven\u201c<\/td>\n<\/tr>\n<tr class=\"row-5\">\n\t<td class=\"column-1\">2014  <\/td><td class=\"column-2\">Mitarbeiterin der \u201eCarlo Collodi Schule\u201c der \u201eJugendhilfe Collstede\u201c im Bereich M\u00e4dchen mit F\u00f6rderschwerpunkt emotional soziale Entwicklung, Altj\u00fchrden<\/td>\n<\/tr>\n<tr class=\"row-6\">\n\t<td class=\"column-1\">2013  <\/td><td class=\"column-2\">Mitarbeiterin in einer heilp\u00e4dagogischen Jungenwohngruppe der \u201eJugendhilfe Collstede\u201c, Zetel<\/td>\n<\/tr>\n<\/tbody>\n<\/table>\n<!-- #tablepress-t04 from cache -->\n\n\n\n<p><strong>Zusatzqualifikationen<\/strong><\/p>\n\n\n\n\n<table id=\"tablepress-t05\" class=\"tablepress tablepress-id-t05\">\n<tbody>\n<tr class=\"row-1\">\n\t<td class=\"column-1\">2017  <\/td><td class=\"column-2\">Teilnahme beim NTLS (New Trails Learning Systems) \u201cTrain the Trainer Course\u201d Horse Boy Method 1&amp;2 and Movement Method 1&amp;2, Arbeit mit psychisch erkrankten Kindern und Pferden, Entwicklung eines neuen Konzepts der Bewegungstherapie in Austin, Texas<br \/>\n<\/td>\n<\/tr>\n<tr class=\"row-2\">\n\t<td class=\"column-1\">2012  <\/td><td class=\"column-2\">Teilnahme bei \u201eHorse Boy Method 2 \u2013 Back-riding: Preparing Horse&amp;Rider\u201c und \u201eHorse Boy Method 3 \u2013 Advanced Back-riding\u201c in Austin, Texas<\/td>\n<\/tr>\n<tr class=\"row-3\">\n\t<td class=\"column-1\">2011 - 2012 <\/td><td class=\"column-2\"> Working Student beim \u201eNew Trails Center\u201c f\u00fcr die \u201eHorse Boy Method\u201c Arbeit mit autistischen Kindern und Pferden in Austin, Texas<br \/>\n<\/td>\n<\/tr>\n<tr class=\"row-4\">\n\t<td class=\"column-1\">2011   <\/td><td class=\"column-2\">Teilnahme am \u201eHorse Boy Method 1\u2013 Rider\u201c \u2013 Seminar f\u00fcr die Arbeit mit autistischen Kindern und Pferden in Italien, Catanzaro<\/td>\n<\/tr>\n<tr class=\"row-5\">\n\t<td class=\"column-1\">2010 - 2011  <\/td><td class=\"column-2\">Teilnahme am Seminar \u201eTiergest\u00fctzte Interventionen\u201c an der Carl von Ossietzky Universit\u00e4t\u201c, Oldenburg<\/td>\n<\/tr>\n<tr class=\"row-6\">\n\t<td class=\"column-1\">2010    <\/td><td class=\"column-2\"> Betreuerin beim Via Nova \u2013 Almprojekt der \u201eSinn-Stiftung\u201c f\u00fcr Kinder mit AD(H)S in Lauenen, Schweiz<\/td>\n<\/tr>\n<tr class=\"row-7\">\n\t<td class=\"column-1\">2010  <\/td><td class=\"column-2\">Fortbildung zum \u201ePotential-Coach AD(H)S\u201c f\u00fcr den Einsatz als Mentorin f\u00fcr das Via-Nova Programm der \u201eSinn-Stiftung\u201c unter der wissenschaftlichen Leitung von Prof. Dr. Gerald H\u00fcther in CH-Teufen und Sonthofen<\/td>\n<\/tr>\n<tr class=\"row-8\">\n\t<td class=\"column-1\">2008 - 2011 <\/td><td class=\"column-2\">Studentische und Wissenschaftliche Hilfskraft an der Carl von Ossietzky Universit\u00e4t Oldenburg<\/td>\n<\/tr>\n<tr class=\"row-9\">\n\t<td class=\"column-1\">2007 - 2013  <\/td><td class=\"column-2\">Mitarbeiterin des Schul- und Projektzirkus \"Tausendtraum\", Erarbeitung zirzensischer Lektionen mit Kindern und Jugendlichen, Spiekeroog<\/td>\n<\/tr>\n<\/tbody>\n<\/table>\n<!-- #tablepress-t05 from cache -->\n\n\n\n<p><strong>Mitgliedschaften<\/strong><\/p>\n\n\n\n<p>Deutsche Gesellschaft f\u00fcr Verhaltenstherapie (DGVT)<\/p>\n\n\n\n<p>Kassen\u00e4rztliche Vereinigung&nbsp;Bayerns<\/p>\n\n\n\n<p>Bayerische Landeskammer der Psychologischen Psychotherapeuten und der Kinder- und Jugendlichenpsychotherapeuten<\/p>\n\n\n\n<p>Gesellschaft f\u00fcr Psychotherapie Augsburg e.V.<\/p>\n\n\n\n<p>Deutsches Kuratorium f\u00fcr Therapeutisches Reiten e.V. (DKThR)<\/p>\n","protected":false},"excerpt":{"rendered":"<p>Berufliche Ausbildung&nbsp;&nbsp;&nbsp;&nbsp;&nbsp;&nbsp;&nbsp; &nbsp;&nbsp;&nbsp;&nbsp;&nbsp;&nbsp;&nbsp;&nbsp;&nbsp;&nbsp;&nbsp;&nbsp;&nbsp;&nbsp;&nbsp;&nbsp;&nbsp;&nbsp;&nbsp;&nbsp;&nbsp;&nbsp;&nbsp;&nbsp;&nbsp;&nbsp;&nbsp;&nbsp;&nbsp;&nbsp;&nbsp;&nbsp;&nbsp;&nbsp;&nbsp;&nbsp;&nbsp;&nbsp;&nbsp;&nbsp;&nbsp;&nbsp;&nbsp;&nbsp;&nbsp;&nbsp;&nbsp;&nbsp;&nbsp;&nbsp;&nbsp;&nbsp;&nbsp;&nbsp;&nbsp;&nbsp;&nbsp;&nbsp;&nbsp;&nbsp;&nbsp;&nbsp;&nbsp;&nbsp;&nbsp;&nbsp;&nbsp;&nbsp;&nbsp;&nbsp;&nbsp;&nbsp;&nbsp;&nbsp;&nbsp;&nbsp;&nbsp;&nbsp;&nbsp;&nbsp;&nbsp;&nbsp;&nbsp;&nbsp;&nbsp;&nbsp;&nbsp;&nbsp;&nbsp;&nbsp;&nbsp;&nbsp;&nbsp;&nbsp;&nbsp;&nbsp;&nbsp;&nbsp;&nbsp;&nbsp;&nbsp;&nbsp;&nbsp;&nbsp;&nbsp; Studium&nbsp;&nbsp;&nbsp;&nbsp;&nbsp;&nbsp;&nbsp; &nbsp;&nbsp;&nbsp;&nbsp;&nbsp;&nbsp;&nbsp;&nbsp;&nbsp;&nbsp;&nbsp;&nbsp;&nbsp;&nbsp;&nbsp;&nbsp;&nbsp;&nbsp;&nbsp;&nbsp;&nbsp;&nbsp;&nbsp;&nbsp;&nbsp;&nbsp;&nbsp;&nbsp;&nbsp;&nbsp;&nbsp;&nbsp;&nbsp;&nbsp;&nbsp;&nbsp;&nbsp;&nbsp;&nbsp;&nbsp;&nbsp;&nbsp;&nbsp;&nbsp;&nbsp;&nbsp;&nbsp;&nbsp;&nbsp;&nbsp;&nbsp;&nbsp;&nbsp;&nbsp;&nbsp;&nbsp;&nbsp;&nbsp;&nbsp;&nbsp;&nbsp;&nbsp;&nbsp;&nbsp;&nbsp;&nbsp;&nbsp;&nbsp;&nbsp;&nbsp;&nbsp;&nbsp;&nbsp;&nbsp;&nbsp;&nbsp; Schulische Ausbildung&nbsp; &nbsp;&nbsp;&nbsp;&nbsp;&nbsp;&nbsp;&nbsp;&nbsp;&nbsp;&nbsp;&nbsp;&nbsp;&nbsp;&nbsp;&nbsp;&nbsp;&nbsp;&nbsp;&nbsp;&nbsp;&nbsp;&nbsp;&nbsp;&nbsp;&nbsp;&nbsp;&nbsp;&nbsp;&nbsp;&nbsp;&nbsp;&nbsp;&nbsp;&nbsp;&nbsp;&nbsp;&nbsp;&nbsp;&nbsp;&nbsp;&nbsp;&nbsp;&nbsp;&nbsp;&nbsp;&nbsp;&nbsp;&nbsp;&nbsp;&nbsp;&nbsp;&nbsp;&nbsp;&nbsp;&nbsp;&nbsp;&nbsp;&nbsp;&nbsp;&nbsp;&nbsp;&nbsp;&nbsp;&nbsp;&nbsp;&nbsp;&nbsp;&nbsp;&nbsp;&nbsp;&nbsp;&nbsp;&nbsp;&nbsp;&nbsp;&nbsp;&nbsp;&nbsp;&nbsp;&nbsp;&nbsp;&nbsp;&nbsp;&nbsp;&nbsp;&nbsp;&nbsp;&nbsp;&nbsp;&nbsp;&nbsp;&nbsp;&nbsp;&nbsp;&nbsp;&nbsp;&nbsp;&nbsp;&nbsp;&nbsp;&nbsp;&nbsp;&nbsp;&nbsp;&nbsp;&nbsp;&nbsp;&nbsp;&nbsp;&nbsp;&nbsp;&nbsp;&nbsp;&nbsp;&nbsp; Berufliche T\u00e4tigkeit Zusatzqualifikationen Mitgliedschaften Deutsche Gesellschaft f\u00fcr Verhaltenstherapie (DGVT) Kassen\u00e4rztliche Vereinigung&nbsp;Bayerns Bayerische Landeskammer der Psychologischen Psychotherapeuten und der Kinder- und Jugendlichenpsychotherapeuten Gesellschaft f\u00fcr Psychotherapie Augsburg e.V. Deutsches Kuratorium f\u00fcr Therapeutisches Reiten e.V. (DKThR)<\/p>\n","protected":false},"author":1,"featured_media":0,"parent":0,"menu_order":0,"comment_status":"closed","ping_status":"closed","template":"","meta":[],"_links":{"self":[{"href":"https:\/\/ross-psychotherapie.de\/index.php?rest_route=\/wp\/v2\/pages\/19"}],"collection":[{"href":"https:\/\/ross-psychotherapie.de\/index.php?rest_route=\/wp\/v2\/pages"}],"about":[{"href":"https:\/\/ross-psychotherapie.de\/index.php?rest_route=\/wp\/v2\/types\/page"}],"author":[{"embeddable":true,"href":"https:\/\/ross-psychotherapie.de\/index.php?rest_route=\/wp\/v2\/users\/1"}],"replies":[{"embeddable":true,"href":"https:\/\/ross-psychotherapie.de\/index.php?rest_route=%2Fwp%2Fv2%2Fcomments&post=19"}],"version-history":[{"count":47,"href":"https:\/\/ross-psychotherapie.de\/index.php?rest_route=\/wp\/v2\/pages\/19\/revisions"}],"predecessor-version":[{"id":411,"href":"https:\/\/ross-psychotherapie.de\/index.php?rest_route=\/wp\/v2\/pages\/19\/revisions\/411"}],"wp:attachment":[{"href":"https:\/\/ross-psychotherapie.de\/index.php?rest_route=%2Fwp%2Fv2%2Fmedia&parent=19"}],"curies":[{"name":"wp","href":"https:\/\/api.w.org\/{rel}","templated":true}]}}